 by g?
29
Suppose 32 = -4*a + 44. Suppose -2*w - a*u + u = -56, w - 13 = 4*u. Calculate the remainder when 47 is divided by w.
22
Let n(c) be the second derivative of -c**5/20 - 5*c**4/6 + 7*c**3/6 - 11*c**2/2 + 8*c. Calculate the remainder when n(-11) is divided by 18.
15
Suppose 2*r - 6 = 4, 4*f = 2*r + 42. What is the remainder when 29 - ((-27)/(-36) - 51/(-12)) is divided by f?
11
Let y = 1477 + -1471. What is the remainder when 330 is divided by y?
0
Suppose -2*f + j + 76 = 2*f, -5*f = -4*j - 106. Suppose -5*o + 157 = 3*x, -x + 51 = -0*o + o. Calculate the remainder when x is divided by f.
13
Let q be (66/(-10))/((-2)/10). Let x = q - 22. Suppose -7 = -5*w - 17, -d = 4*w + 4. Calculate the remainder when x is divided by d.
3
Let z(j) = 6*j**2 + 16*j - 81. Calculate the remainder when z(4) is divided by 16.
15
Let z(n) = -19*n**2 + 78*n + 5. What is the remainder when 86 is divided by z(4)?
8
Let y = 33 + 24. Calculate the remainder when y is divided by 21.
15
Let b(c) = 3*c - 3*c + 2 - c + 4. Calculate the remainder when 11 is divided by b(2).
3
Let u = 10 - 7. Let y be (0 + u)*1 + 2. Let b = y + 6. Calculate the remainder when 42 is divided by b.
9
Suppose 6*m + 31*m - 8621 = 0. What is the remainder when m is divided by 48?
41
Suppose 3 = 6*t - 7*t. What is the remainder when (304/4 + t)/1 is divided by 15?
13
Let c(y) = y**3 - 19*y**2 - 11*y - 22. Let t be c(20). Suppose 4*d + 5*o = t, -d + 0*o = o - 39. Let w = -43 + 63. What is the remainder when d is divided by w?
17
Suppose -f + 31 = t, t + 119 = -0*f + 4*f. Suppose 4*u + 5*g - 3*g = -84, -3*u + 4*g = 74. What is the remainder when f is divided by ((-1)/1)/(2/u)?
8
Let c(k) = -2*k**2 + 11. Let p = 41 + -41. What is the remainder when 18 is divided by c(p)?
7
Let l(n) = -n**2 - 17*n - 24. Let u = -75 - -63. What is the remainder when 106 is divided by l(u)?
34
Suppose 0 = 5*x - y - 1151, 0 = -5*x + 4*y - 629 + 1783. What is the remainder when x is divided by 13?
9
Let a be 2/((8/(-34))/(-2)). Suppose -a + 77 = q. Let b(t) = t**2 + 5. What is the remainder when q is divided by b(-4)?
18
Let a(n) = -2*n. Let f be a(-2). Let x = 36 + f. Calculate the remainder when x is divided by (-115)/(-10) + (-1)/2.
7
Calculate the remainder when 989 is divided by (135/10)/(0 - (-12)/80).
89
Suppose 5*c - 5343 = 2*v, 4*v + 5351 = 8*c - 3*c. Calculate the remainder when c is divided by 29.
23
Suppose 145 - 4 = 3*n - 4*w, 2*w - 57 = -n. What is the remainder when 151 is divided by n?
49
Let k(l) = 19*l**3 + 3*l - 4. Calculate the remainder when k(2) is divided by 52.
50
Suppose 52 = -3*s + 7*s. Let p be (-342)/24*(-16)/(-6). Let l = p - -75. Calculate the remainder when l is divided by s.
11
Calculate the remainder when 1793 is divided by ((-826)/(-126) + -8)/(1/(-9)).
12
Suppose -3*j - 42 + 51 = 0. Suppose j*f = -q + 58, 3*q + 0*q - 4*f = 135. What is the remainder when q is divided by 14?
7
Suppose -3*c + 289 = f, 2*c + 82 = f + 268. What is the remainder when c is divided by 14?
11
Let h = -31 - -30. Calculate the remainder when 110 is divided by (6/(-4) - h) + 116/8.
12
Let x(w) = -w**2 + 49*w - 202. Calculate the remainder when x(21) is divided by 6.
2
Suppose 0 = 2*s - 6, 0 = -4*w - 3*s + 12 - 3. Suppose 4*v = -w*v + 80. Suppose 269 + 126 = 5*t. What is the remainder when t is divided by v?
19
Let z(n) = -2*n**2 - 57*n + 49. What is the remainder when z(-26) is divided by 93?
86
Let q(b) = -51*b - 655. Let g = 35 - 22. What is the remainder when g is divided by q(-13)?
5
Suppose 28 = 3*q - 2*q - 3*k, 0 = -2*q + 5*k + 53. Calculate the remainder when 66 is divided by q.
9
Suppose -5*x = 5*j - 80, j + 4*j - 4*x - 125 = 0. Calculate the remainder when 543 is divided by j.
18
Let b(i) = -i**3 - 7*i**2 - i - 7. Let f be b(-7). Suppose -v + 4 = f, 64 = -0*s + 4*s - 2*v. What is the remainder when s is divided by 7?
4
Suppose -5*s + 10*s + 63 = h, 5*h - 263 = -s. Calculate the remainder when 370 is divided by h.
52
Let m(g) be the second derivative of -1/20*g**5 + 2/3*g**3 - 2/3*g**4 - 13/2*g**2 + 0 + 4*g. Calculate the remainder when m(-9) is divided by 11.
10
Let q(j) = -2*j**3 + 17*j**2 - 9*j + 12. Calculate the remainder when q(8) is divided by 4.
0
Let n(u) = -u**3 - 9*u**2 + 11*u + 15. Let o be n(-10). Suppose 0 = -4*t + y + 53, 94 = o*t - 4*y + 25. Calculate the remainder when 61 is divided by t.
9
Suppose 0 = -3*o - 9, j - o + 4*o - 12 = 0. Suppose a - 4*k - 24 = 0, -2*a = -5*k + k - 56. Calculate the remainder when a - -7 - (-2)/1 is divided by j.
20
Suppose 154 = 19*h - 131. Suppose -2*f - 2*l - 2*l = -28, -55 = -5*f - 5*l. Calculate the remainder when h is divided by f.
7
Let m(t) = 2*t**2 - 7*t. Suppose 3*l + 9 = 3*d - 2*l, 4*d - 4*l - 4 = 0. Let p(u) = -12*u + 2. Calculate the remainder when p(d) is divided by m(5).
11
Suppose 0 = -47*t + 41*t + 240. Calculate the remainder when 120 is divided by t.
0
Let k(r) = r**2 + 2*r + 2. Let p be k(0). Suppose 18 - 20 = -p*g. What is the remainder when 10 is divided by g?
0
Let p = 112 - 103. What is the remainder when 151 is divided by p?
7
What is the remainder when 42 is divided by 558/24 + 1*5/(-20)?
19
Let l = 257 + -147. Suppose -3*b = x - 80 - 0, -3*x = -b + 40. What is the remainder when l is divided by b?
26
Let w(h) = 4*h - 39. Let j be w(15). Let o = j + -15. Calculate the remainder when 28 is divided by o.
4
Let o(t) = t**2 + t - 4. Let l(z) = -z**3 - 6*z**2 + 7. Let y be l(-5). Let r = y - -23. Calculate the remainder when r is divided by o(-3).
1
Let l = -178 + 90. Let r = l - -104. Calculate the remainder when 76 is divided by r.
12
Let q be 2712/54 - 2/9. Suppose -q = -2*v + 42. Suppose 5*g - 2*k - 47 = k, 4*k = 5*g - v. Calculate the remainder when 37 is divided by g.
7
Let r = -87 + 81. Calculate the remainder when ((-58)/3)/(r/27) is divided by 18.
15
Suppose -215 = -4*c + 149. Let d(x) = -x**2 + x + 22. Let h be d(-8). Let j = h + c. What is the remainder when j is divided by 14?
13
Let o = 81 - 45. Suppose 7*c - 4*c - o = 0. Suppose -c*u = -7*u - 105. Calculate the remainder when u is divided by 12.
9
Suppose -10*d - 217 = -17*d. Calculate the remainder when 1021 is divided by d.
29
Let z = -40 + 52. What is the remainder when -1 + 35 - (-1 + 2) is divided by z?
9
Let u be (-747)/18*(2 + 0). Let a = u - -55. Let h = a + 48. Calculate the remainder when 38 is divided by h.
18
Let s = 39 + 2. Calculate the remainder when s is divided by -5 + 1 + 25 + -3 + -1.
7
Suppose t = -z + 2*t + 38, 5*t = -5*z + 240. What is the remainder when z is divided by 43?
0
Let x = 17 + 15. Suppose 0 = 35*v - x*v - 99. Calculate the remainder when v is divided by 12.
9
Let i = -1871 - -3287. Calculate the remainder when i is divided by 43.
40
Let y(d) = d**3 + 6*d**2 - 2*d - 7. Let b be 1 - (-5 + (-5 - -16)). Calculate the remainder when y(b) is divided by 8.
4
Let t = 16 - 12. Suppose -3*y - 19 = -2*x, -t*x - 3*y + 0 = 7. Suppose -3*r = 2*h - 56, -5*r - x*h - 9 + 97 = 0. What is the remainder when 46 is divided by r?
14
What is the remainder when 110 is divided by 4 + 9/((-81)/(-18))?
2
Let z(d) = 13*d - 180. What is the remainder when 133 is divided by z(18)?
25
Let r(u) = u**3 + 16*u**2 + 32*u + 14. What is the remainder when r(-13) is divided by (-53)/(-3) - (-1)/3?
15
Suppose 28 = 2*u + 6. Suppose 5*s - 1140 + 935 = 0. What is the remainder when s is divided by u?
8
Suppose -4*c + 1868 = 7*h - 5*h, -c = 3*h - 2787. What is the remainder when h is divided by 30?
28
Let t(f) = 39*f**2 + 2*f + 1. Calculate the remainder when t(-1) is divided by ((-8)/6)/((-408)/3978).
12
Let a = 38 - 8. Suppose -1817 = 5*c - 6287. What is the remainder when c/10 + 42/(-105) is divided by a?
29
Let h(w) = w**2 + 7*w - 7. What is the remainder when 4/10 + 1332/20 is divided by h(-10)?
21
Let n = 71 - 225. Let w = -138 - n. What is the remainder when 59 is divided by w?
11
Let q(s) = -s + 8. Let t(f) = 13*f + 2. Let g be t(5). Suppose -g = -4*p - 11. Calculate the remainder when p is divided by q(0).
6
Suppose -5*v - 1015 = -20*h + 17*h, -4*v = 4*h - 1396. Calculate the remainder when h is divided by 50.
45
Suppose -10*j - 9*j + 969 = 0. Calculate the remainder when j is divided by 32.
19
Suppose 5*o - 2*w - 1 = 0, o + 2*o = -2*w + 7. Let d be (192 - -2) + 0/o. L